{"id":64,"date":"2024-09-16T12:38:59","date_gmt":"2024-09-16T10:38:59","guid":{"rendered":"http:\/\/deniseverte.fr\/?page_id=64"},"modified":"2024-09-16T12:45:44","modified_gmt":"2024-09-16T10:45:44","slug":"mediatisation","status":"publish","type":"page","link":"http:\/\/deniseverte.fr\/index.php\/mediatisation\/","title":{"rendered":"M\u00e9diatisation"},"content":{"rendered":"\n<p>La lutte de Denise Verte a \u00e9t\u00e9 largement couverte par les m\u00e9dias locaux mais \u00e9galement nationaux.<\/p>\n\n\n\n<figure class=\"wp-block-video aligncenter\"><video height=\"714\" style=\"aspect-ratio: 1278 \/ 714;\" width=\"1278\" controls src=\"http:\/\/deniseverte.fr\/wp-content\/uploads\/2024\/09\/TF1.mp4\"><\/video><figcaption class=\"wp-element-caption\">TF1 &#8211; Octobre 2023<\/figcaption><\/figure>\n\n\n\n<figure class=\"wp-block-video aligncenter\"><video height=\"280\" style=\"aspect-ratio: 502 \/ 280;\" width=\"502\" controls src=\"http:\/\/deniseverte.fr\/wp-content\/uploads\/2024\/09\/19-20-du-5-novembre.mp4\"><\/video><figcaption class=\"wp-element-caption\">France 3 Picardie &#8211; 5 novembre 2023<\/figcaption><\/figure>\n\n\n\n<p><\/p>\n\n\n\n<p class=\"has-text-align-center\"><strong>France Bleu Picardie<\/strong><\/p>\n\n\n\n<div class=\"wp-block-file\"><a id=\"wp-block-file--media-15626ff6-01ce-4a62-a402-744692251e94\" href=\"http:\/\/deniseverte.fr\/wp-content\/uploads\/2024\/09\/20231106-Journal-de-7h30-France-Bleu-Picardie.mp3\"><br>20231106-Journal de 7h30 France Bleu Picardie<\/a><\/div>\n\n\n\n<div class=\"wp-block-file\"><a id=\"wp-block-file--media-ce3b9554-fe3b-4c9a-ade6-4e386d94b718\" href=\"http:\/\/deniseverte.fr\/wp-content\/uploads\/2024\/09\/20231106-Journal-de-8h-France-Bleu-Picardie.mp3\">20231106-Journal de 8h France Bleu Picardie<\/a><\/div>\n\n\n\n<div class=\"wp-block-file\"><a id=\"wp-block-file--media-2f2c8aac-061f-41c6-8a16-684660925881\" href=\"http:\/\/deniseverte.fr\/wp-content\/uploads\/2024\/09\/20230919-Journal-de-8h.mp3\">20230919-Journal de 8h<\/a><\/div>\n\n\n\n<div class=\"wp-block-file\"><a id=\"wp-block-file--media-a80c33e7-8c83-4903-b5fc-bf04d15326f2\" href=\"http:\/\/deniseverte.fr\/wp-content\/uploads\/2024\/09\/20240112-Journal-de-7h.mp3\">20240112-Journal de 7h<\/a><\/div>\n\n\n\n<div class=\"wp-block-file\"><a id=\"wp-block-file--media-130764ae-1505-4ead-9468-868280b53ee1\" href=\"http:\/\/deniseverte.fr\/wp-content\/uploads\/2024\/09\/Denise-Verte-et-JCR-sur-France-Bleu.mp3\">Denise Verte et JCR sur France Bleu<\/a><\/div>\n\n\n\n<div class=\"wp-block-file\"><a id=\"wp-block-file--media-6eda7910-8c3c-4218-8ae5-39d10bc9ea96\" href=\"http:\/\/deniseverte.fr\/wp-content\/uploads\/2024\/09\/France-Bleu-Louis-Descamps-15-nov-2022.mp4\">France Bleu Louis Descamps 15 nov 2022<\/a><\/div>\n\n\n\n<div class=\"wp-block-file\"><a id=\"wp-block-file--media-93aff81d-ce0a-4e0d-9e0c-418b16545474\" href=\"http:\/\/deniseverte.fr\/wp-content\/uploads\/2024\/09\/France-Bleu-Picardie-Journal-de-08h-du-4-octobre.mp3\">France Bleu Picardie-Journal de 08h du 4 octobre<\/a><\/div>\n\n\n\n<div class=\"wp-block-file\"><a id=\"wp-block-file--media-1b3ed358-b8bf-4a42-96a5-15f003ff8a57\" href=\"http:\/\/deniseverte.fr\/wp-content\/uploads\/2024\/09\/Journal-de-8h-du-19-septembre-2023.mp3\">Journal de 8h du 19 septembre 2023<\/a><\/div>\n\n\n\n<div class=\"wp-block-file\"><a id=\"wp-block-file--media-9053163a-7ec9-4a37-b20f-0c07cd2e5e32\" href=\"http:\/\/deniseverte.fr\/wp-content\/uploads\/2024\/09\/Journaux-dinformation-France-Bleu-Picardie-en-reecoute.mp3\">Journaux d&#8217;information France Bleu Picardie en r\u00e9\u00e9coute<\/a><\/div>\n\n\n\n<div class=\"wp-block-file\"><a id=\"wp-block-file--media-e43e2657-802c-4828-8194-0904e50d1334\" href=\"http:\/\/deniseverte.fr\/wp-content\/uploads\/2024\/09\/20221115-Louis-DESCAMPS-sur-France-Bleu-Picardie.mp3\">20221115-Louis DESCAMPS sur France Bleu Picardie<\/a><\/div>\n\n\n\n<div class=\"wp-block-file\"><a id=\"wp-block-file--media-44f6c168-7d83-4276-9bce-c44149e8d05c\" href=\"http:\/\/deniseverte.fr\/wp-content\/uploads\/2024\/09\/20221222-Journal-de-08h-France-Bleu-Picardie.mp3\">20221222-Journal de 08h France Bleu Picardie<\/a><\/div>\n\n\n\n<div class=\"wp-block-file\"><a id=\"wp-block-file--media-1da0c924-3ca3-4004-bf62-c6b9c1a5377c\" href=\"http:\/\/deniseverte.fr\/wp-content\/uploads\/2024\/09\/20230202-Journal-de-07h30.mp3\">20230202-Journal de 07h30<\/a><\/div>\n\n\n\n<div class=\"wp-block-file\"><a id=\"wp-block-file--media-8085ce28-59a3-4c1d-9a5a-60fa26676e33\" href=\"http:\/\/deniseverte.fr\/wp-content\/uploads\/2024\/09\/20230202-Journal-de-08h00.mp3\">20230202-Journal de 08h00<\/a><\/div>\n\n\n\n<div class=\"wp-block-file\"><a id=\"wp-block-file--media-7ec909e8-ac7d-4e6d-aad1-0f24573d78c4\" href=\"http:\/\/deniseverte.fr\/wp-content\/uploads\/2024\/09\/20230425-Journal-de-07h00.mp3\">20230425-Journal de 07h00<\/a><\/div>\n\n\n\n<div class=\"wp-block-file\"><a id=\"wp-block-file--media-6f5d1990-c50d-4c90-809c-6b27bdf974e3\" href=\"http:\/\/deniseverte.fr\/wp-content\/uploads\/2024\/09\/20230425-Journal-de-08h00.mp3\">20230425-Journal de 08h00<\/a><\/div>\n\n\n\n<div class=\"wp-block-file\"><a id=\"wp-block-file--media-93173ec1-21d7-40b6-aa65-2bcd7f2fa476\" href=\"http:\/\/deniseverte.fr\/wp-content\/uploads\/2024\/09\/20230627-JCR-invite-France-Bleu-Picardie-de-8h10.mp3\">20230627-JCR invit\u00e9 France Bleu Picardie de 8h10<\/a><\/div>\n\n\n\n<div class=\"wp-block-file\"><a id=\"wp-block-file--media-e11bf6a7-2087-45c0-a2cc-0f355b0db1cf\" href=\"http:\/\/deniseverte.fr\/wp-content\/uploads\/2024\/09\/20230627-Journal-de-07h00-France-Bleu-Picardie.mp3\">20230627-Journal de 07h00 France Bleu Picardie<\/a><\/div>\n\n\n\n<div class=\"wp-block-file\"><a id=\"wp-block-file--media-8c1026da-c7d5-4334-a543-c83be8e2f899\" href=\"http:\/\/deniseverte.fr\/wp-content\/uploads\/2024\/09\/20230627-Journal-de-08h00-France-Bleu-Picardie.mp3\">20230627-Journal de 08h00 France Bleu Picardie<\/a><\/div>\n\n\n\n<p class=\"has-text-align-center\"><strong>Le Courrier Picard<\/strong><\/p>\n\n\n\n<div class=\"wp-block-file\"><a id=\"wp-block-file--media-92144cc5-c1ff-4eee-b881-4dc7cd2b34d7\" href=\"http:\/\/deniseverte.fr\/wp-content\/uploads\/2024\/09\/20221217-Denise-Verte-lance-un-appel-aux-dons-pour-financer-son-recours.png\">20221217-Denise Verte lance un appel aux dons pour financer son recours<\/a><\/div>\n\n\n\n<div class=\"wp-block-file\"><a id=\"wp-block-file--media-392da3fa-898d-4145-8a78-56212d3a10fe\" href=\"http:\/\/deniseverte.fr\/wp-content\/uploads\/2024\/09\/20230115-Une-ceremonie-des-voeux-sous-surveillance.png\">20230115-Une c\u00e9r\u00e9monie des voeux sous surveillance<\/a><\/div>\n\n\n\n<div class=\"wp-block-file\"><a id=\"wp-block-file--media-4078a541-397e-416e-90ea-aa09852175ee\" href=\"http:\/\/deniseverte.fr\/wp-content\/uploads\/2024\/09\/20230422-Une-consultation-des-electeurs-pour-le-projet-conteste-de-la-Venise-verte.png\">20230422-Une consultation des \u00e9lecteurs pour le projet contest\u00e9 de la Venise verte<\/a><\/div>\n\n\n\n<div class=\"wp-block-file\"><a id=\"wp-block-file--media-f94ae642-c2d3-4d94-8f30-76be39a70361\" href=\"http:\/\/deniseverte.fr\/wp-content\/uploads\/2024\/09\/20230513-La-Denise-verte-obtient-les-signatures.png\">20230513-La Denise verte obtient les signatures<\/a><\/div>\n\n\n\n<div class=\"wp-block-file\"><a id=\"wp-block-file--media-b3bf7e6b-fad0-4597-928b-e4e126e26d23\" href=\"http:\/\/deniseverte.fr\/wp-content\/uploads\/2024\/09\/20230525-Rouge-de-colere-face-a-la-Venise-verte.png\">20230525-Rouge de col\u00e8re face \u00e0 la Venise verte<\/a><\/div>\n\n\n\n<div class=\"wp-block-file\"><a id=\"wp-block-file--media-6957cf7e-e843-48d3-b753-3f1b4c2a3123\" href=\"http:\/\/deniseverte.fr\/wp-content\/uploads\/2024\/09\/20230622-Venise-verte-498-signatures-pour-une-consultation.png\">20230622-Venise verte 498 signatures pour une consultation<\/a><\/div>\n\n\n\n<div class=\"wp-block-file\"><a id=\"wp-block-file--media-4e429551-e914-4ab6-9c41-551e4da34ec0\" href=\"http:\/\/deniseverte.fr\/wp-content\/uploads\/2024\/09\/20230913-La-Denise-verte-opposee-au-projet-immobilier-prepare-laudience-au-tribunal-administratif.jpg\">20230913-La Denise verte, oppos\u00e9e au projet immobilier, pr\u00e9pare l&#8217;audience au tribunal administratif<\/a><\/div>\n\n\n\n<div class=\"wp-block-file\"><a id=\"wp-block-file--media-71789883-9b18-4e50-ad34-05ab87b3dfb5\" href=\"http:\/\/deniseverte.fr\/wp-content\/uploads\/2024\/09\/20230919-La-Venise-verte-sinvite-au-tribunal-administratif.jpg\">20230919-La Venise verte s&#8217;invite au tribunal administratif<\/a><\/div>\n\n\n\n<div class=\"wp-block-file\"><a id=\"wp-block-file--media-7b7b761a-4434-4d09-9ef5-a116a63a72f2\" href=\"http:\/\/deniseverte.fr\/wp-content\/uploads\/2024\/09\/20230920-Venise-verte-le-tribunal-se-prononcera-dans-quinze-jours.png\">20230920-Venise verte le tribunal se prononcera dans quinze jours<\/a><\/div>\n\n\n\n<div class=\"wp-block-file\"><a id=\"wp-block-file--media-dbe26a7c-899f-4b8a-8f8a-fd7a6b015971\" href=\"http:\/\/deniseverte.fr\/wp-content\/uploads\/2024\/09\/20231004-Venise-verte-la-regularisation-du-permis-de-construire-exigee.png\">20231004-Venise verte la r\u00e9gularisation du permis de construire exig\u00e9e<\/a><\/div>\n\n\n\n<div class=\"wp-block-file\"><a id=\"wp-block-file--media-a4d89622-74cd-4c5e-b8a8-bd9f9ba2ddc2\" href=\"http:\/\/deniseverte.fr\/wp-content\/uploads\/2024\/09\/20240205-Le-permis-de-construire-modifie-sera-conteste-par-les-opposants.png\">20240205-Le permis de construire modifi\u00e9 sera contest\u00e9 par les opposants<\/a><\/div>\n\n\n\n<div class=\"wp-block-file\"><a id=\"wp-block-file--media-c0641bf1-deb2-41f6-a99d-bbfc9d648547\" href=\"http:\/\/deniseverte.fr\/wp-content\/uploads\/2024\/09\/20240205-Une-du-Courrier-picard.png\">20240205-Une du Courrier picard<\/a><\/div>\n\n\n\n<div class=\"wp-block-file\"><a id=\"wp-block-file--media-12efdaff-184d-4510-acd2-e24a8963b082\" href=\"http:\/\/deniseverte.fr\/wp-content\/uploads\/2024\/09\/20220831-La-fronde-anti-beton-gagne-Camon.pdf\">20220831-La fronde anti-b\u00e9ton gagne Camon<\/a><\/div>\n\n\n\n<div class=\"wp-block-file\"><a id=\"wp-block-file--media-23230a26-21a8-4296-a8bc-c884343d5822\" href=\"http:\/\/deniseverte.fr\/wp-content\/uploads\/2024\/09\/20220905-Des-opposants-prets-a-couler-la-Venise-Verte.pdf\">20220905-Des opposants pr\u00eats \u00e0 couler la Venise Verte<\/a><\/div>\n\n\n\n<div class=\"wp-block-file\"><a id=\"wp-block-file--media-c9b0b905-b721-45a7-a5e6-1599cbbc9a70\" href=\"http:\/\/deniseverte.fr\/wp-content\/uploads\/2024\/09\/20220909-Lopposition-municipale-monte-au-creneau.pdf\">20220909-L&#8217;opposition municipale monte au cr\u00e9neau<\/a><\/div>\n\n\n\n<div class=\"wp-block-file\"><a id=\"wp-block-file--media-9fa69558-7a7e-4b44-9f3e-27eea5e8d367\" href=\"http:\/\/deniseverte.fr\/wp-content\/uploads\/2024\/09\/20220913-Les-opposants-au-projet-de-logements-ne-faiblissent-pas.pdf\">20220913-Les opposants au projet de logements ne faiblissent pas<\/a><\/div>\n\n\n\n<div class=\"wp-block-file\"><a id=\"wp-block-file--media-ac053d8e-fb2d-45ad-a5f2-ff8c6e3d20fd\" href=\"http:\/\/deniseverte.fr\/wp-content\/uploads\/2024\/09\/20220914-La-mobilisation-contre-le-projet-de-31-logements-prend-de-lampleur.jpg\">20220914-La mobilisation contre le projet de 31 logements prend de l&#8217;ampleur<\/a><\/div>\n\n\n\n<div class=\"wp-block-file\"><a id=\"wp-block-file--media-c32ec3dc-fcc6-42c5-95e5-8371bb688e75\" href=\"http:\/\/deniseverte.fr\/wp-content\/uploads\/2024\/09\/20220915-Remi-Cardon-favorable-au-projet-de-Venise-verte.jpg\">20220915-R\u00e9mi Cardon favorable au projet de Venise verte<\/a><\/div>\n\n\n\n<div class=\"wp-block-file\"><a id=\"wp-block-file--media-e1b83928-4b8e-4586-ad83-5522f4b0da09\" href=\"http:\/\/deniseverte.fr\/wp-content\/uploads\/2024\/09\/20221006-Denise-verte-contre-Venise-Verte.pdf\">20221006-Denise verte contre Venise Verte<\/a><\/div>\n\n\n\n<div class=\"wp-block-file\"><a id=\"wp-block-file--media-60093f1b-9cbd-4184-aa46-7207ef39dc50\" href=\"http:\/\/deniseverte.fr\/wp-content\/uploads\/2024\/09\/20221007-Nouvelle-mobilisation-contre-le-projet-de-31-logements-dans-les-Hortillonnages.jpg\">20221007-Nouvelle mobilisation contre le projet de 31 logements dans les Hortillonnages<\/a><\/div>\n\n\n\n<div class=\"wp-block-file\"><a id=\"wp-block-file--media-faeca7aa-3c20-44d1-9610-114f6bb452c8\" href=\"http:\/\/deniseverte.fr\/wp-content\/uploads\/2024\/09\/20221117-La-Venise-verte-est-toujours-contestee.pdf\">20221117-La Venise verte est toujours contest\u00e9e<\/a><\/div>\n\n\n\n<div class=\"wp-block-file\"><a id=\"wp-block-file--media-15b11574-2529-4c63-9859-ca36e761ed7b\" href=\"http:\/\/deniseverte.fr\/wp-content\/uploads\/2024\/09\/20221214-Contre-la-Venise-verte-la-mobilisation-ne-faiblit-pas.pdf\">20221214-Contre la Venise verte la mobilisation ne faiblit pas<\/a><\/div>\n\n\n\n<p><\/p>\n","protected":false},"excerpt":{"rendered":"<p>La lutte de Denise Verte a \u00e9t\u00e9 largement couverte par les m\u00e9dias locaux mais \u00e9galement nationaux. France Bleu Picardie Le [&hellip;]<\/p>\n","protected":false},"author":1,"featured_media":0,"parent":0,"menu_order":0,"comment_status":"closed","ping_status":"closed","template":"","meta":{"site-sidebar-layout":"default","site-content-layout":"","ast-site-content-layout":"default","site-content-style":"default","site-sidebar-style":"default","ast-global-header-display":"","ast-banner-title-visibility":"","ast-main-header-display":"","ast-hfb-above-header-display":"","ast-hfb-below-header-display":"","ast-hfb-mobile-header-display":"","site-post-title":"","ast-breadcrumbs-content":"","ast-featured-img":"","footer-sml-layout":"","ast-disable-related-posts":"","theme-transparent-header-meta":"","adv-header-id-meta":"","stick-header-meta":"","header-above-stick-meta":"","header-main-stick-meta":"","header-below-stick-meta":"","astra-migrate-meta-layouts":"default","ast-page-background-enabled":"default","ast-page-background-meta":{"desktop":{"background-color":"var(--ast-global-color-4)","background-image":"","background-repeat":"repeat","background-position":"center center","background-size":"auto","background-attachment":"scroll","background-type":"","background-media":"","overlay-type":"","overlay-color":"","overlay-opacity":"","overlay-gradient":""},"tablet":{"background-color":"","background-image":"","background-repeat":"repeat","background-position":"center center","background-size":"auto","background-attachment":"scroll","background-type":"","background-media":"","overlay-type":"","overlay-color":"","overlay-opacity":"","overlay-gradient":""},"mobile":{"background-color":"","background-image":"","background-repeat":"repeat","background-position":"center center","background-size":"auto","background-attachment":"scroll","background-type":"","background-media":"","overlay-type":"","overlay-color":"","overlay-opacity":"","overlay-gradient":""}},"ast-content-background-meta":{"desktop":{"background-color":"var(--ast-global-color-5)","background-image":"","background-repeat":"repeat","background-position":"center center","background-size":"auto","background-attachment":"scroll","background-type":"","background-media":"","overlay-type":"","overlay-color":"","overlay-opacity":"","overlay-gradient":""},"tablet":{"background-color":"var(--ast-global-color-5)","background-image":"","background-repeat":"repeat","background-position":"center center","background-size":"auto","background-attachment":"scroll","background-type":"","background-media":"","overlay-type":"","overlay-color":"","overlay-opacity":"","overlay-gradient":""},"mobile":{"background-color":"var(--ast-global-color-5)","background-image":"","background-repeat":"repeat","background-position":"center center","background-size":"auto","background-attachment":"scroll","background-type":"","background-media":"","overlay-type":"","overlay-color":"","overlay-opacity":"","overlay-gradient":""}},"footnotes":""},"class_list":["post-64","page","type-page","status-publish","hentry"],"_links":{"self":[{"href":"http:\/\/deniseverte.fr\/index.php\/wp-json\/wp\/v2\/pages\/64","targetHints":{"allow":["GET"]}}],"collection":[{"href":"http:\/\/deniseverte.fr\/index.php\/wp-json\/wp\/v2\/pages"}],"about":[{"href":"http:\/\/deniseverte.fr\/index.php\/wp-json\/wp\/v2\/types\/page"}],"author":[{"embeddable":true,"href":"http:\/\/deniseverte.fr\/index.php\/wp-json\/wp\/v2\/users\/1"}],"replies":[{"embeddable":true,"href":"http:\/\/deniseverte.fr\/index.php\/wp-json\/wp\/v2\/comments?post=64"}],"version-history":[{"count":2,"href":"http:\/\/deniseverte.fr\/index.php\/wp-json\/wp\/v2\/pages\/64\/revisions"}],"predecessor-version":[{"id":110,"href":"http:\/\/deniseverte.fr\/index.php\/wp-json\/wp\/v2\/pages\/64\/revisions\/110"}],"wp:attachment":[{"href":"http:\/\/deniseverte.fr\/index.php\/wp-json\/wp\/v2\/media?parent=64"}],"curies":[{"name":"wp","href":"https:\/\/api.w.org\/{rel}","templated":true}]}}